{"version":"1.0","provider_name":"RetailDetail BE","provider_url":"https:\/\/www.retaildetail.be\/fr\/","author_name":"dev@grandiz.com","author_url":"https:\/\/www.retaildetail.be\/fr\/author\/devgrandiz-com\/","title":"Buurtsuper.be veut retarder l\u2019introduction du label Smiley - RetailDetail BE","type":"rich","width":600,"height":338,"html":"<blockquote class=\"wp-embedded-content\" data-secret=\"E6fbyBJKD2\"><a href=\"https:\/\/www.retaildetail.be\/fr\/news\/food\/buurtsuperbe-veut-retarder-lintroduction-du-label-smiley\/\">Buurtsuper.be veut retarder l\u2019introduction du label Smiley<\/a><\/blockquote><iframe sandbox=\"allow-scripts\" security=\"restricted\" src=\"https:\/\/www.retaildetail.be\/fr\/news\/food\/buurtsuperbe-veut-retarder-lintroduction-du-label-smiley\/embed\/#?secret=E6fbyBJKD2\" width=\"600\" height=\"338\" title=\"\u00ab\u00a0Buurtsuper.be veut retarder l\u2019introduction du label Smiley\u00a0\u00bb &#8212; RetailDetail BE\" data-secret=\"E6fbyBJKD2\" frameborder=\"0\" marginwidth=\"0\" marginheight=\"0\" scrolling=\"no\" class=\"wp-embedded-content\"><\/iframe><script type=\"text\/javascript\">\n\/* <![CDATA[ *\/\n\/*! This file is auto-generated *\/\n!function(d,l){\"use strict\";l.querySelector&&d.addEventListener&&\"undefined\"!=typeof URL&&(d.wp=d.wp||{},d.wp.receiveEmbedMessage||(d.wp.receiveEmbedMessage=function(e){var t=e.data;if((t||t.secret||t.message||t.value)&&!\/[^a-zA-Z0-9]\/.test(t.secret)){for(var s,r,n,a=l.querySelectorAll('iframe[data-secret=\"'+t.secret+'\"]'),o=l.querySelectorAll('blockquote[data-secret=\"'+t.secret+'\"]'),c=new RegExp(\"^https?:$\",\"i\"),i=0;i<o.length;i++)o[i].style.display=\"none\";for(i=0;i<a.length;i++)s=a[i],e.source===s.contentWindow&&(s.removeAttribute(\"style\"),\"height\"===t.message?(1e3<(r=parseInt(t.value,10))?r=1e3:~~r<200&&(r=200),s.height=r):\"link\"===t.message&&(r=new URL(s.getAttribute(\"src\")),n=new URL(t.value),c.test(n.protocol))&&n.host===r.host&&l.activeElement===s&&(d.top.location.href=t.value))}},d.addEventListener(\"message\",d.wp.receiveEmbedMessage,!1),l.addEventListener(\"DOMContentLoaded\",function(){for(var e,t,s=l.querySelectorAll(\"iframe.wp-embedded-content\"),r=0;r<s.length;r++)(t=(e=s[r]).getAttribute(\"data-secret\"))||(t=Math.random().toString(36).substring(2,12),e.src+=\"#?secret=\"+t,e.setAttribute(\"data-secret\",t)),e.contentWindow.postMessage({message:\"ready\",secret:t},\"*\")},!1)))}(window,document);\n\/\/# sourceURL=https:\/\/www.retaildetail.be\/wp-includes\/js\/wp-embed.min.js\n\/* ]]> *\/\n<\/script>\n","thumbnail_url":"https:\/\/i0.wp.com\/www.retaildetail.be\/wp-content\/uploads\/2022\/04\/logo.png?fit=281%2C147&quality=100&strip=all&ssl=1","thumbnail_width":281,"thumbnail_height":147,"description":"A peine 1.500 magasins valid\u00e9s sur les 25.000 Les magasins alimentaires, supermarch\u00e9s de proximit\u00e9 et les grandes cha\u00eenes r\u00e9pondant aux normes d\u2019hygi\u00e8ne l\u00e9gales, pourront d\u00e8s le 1er ao\u00fbt afficher l\u2019autocollant Smiley. C\u2019est ce que stipule un arr\u00eat\u00e9 minist\u00e9riel de la Ministre des Classes moyennes, des PME, des Ind\u00e9pendants et de l&rsquo;Agriculture Sabine Laruelle (MR). \u00ab [&hellip;]"}

A peine 1.500 magasins validés sur les 25.000 Les magasins alimentaires, supermarchés de proximité et les grandes chaînes répondant aux normes d’hygiène légales, pourront dès le 1er août afficher l’autocollant Smiley. C’est ce que stipule un arrêté ministériel de la Ministre des Classes moyennes, des PME, des Indépendants et de l&rsquo;Agriculture Sabine Laruelle (MR). « [&hellip;]
