{"version":"1.0","provider_name":"RetailDetail BE","provider_url":"https:\/\/www.retaildetail.be\/fr\/","author_name":"dev@grandiz.com","author_url":"https:\/\/www.retaildetail.be\/fr\/author\/devgrandiz-com\/","title":"Carrefour Belgique ambitieux sur tous les fronts - RetailDetail BE","type":"rich","width":600,"height":338,"html":"<blockquote class=\"wp-embedded-content\" data-secret=\"hH0cbVEaZR\"><a href=\"https:\/\/www.retaildetail.be\/fr\/news\/food\/carrefour-belgique-ambitieux-sur-tous-les-fronts\/\">Carrefour Belgique ambitieux sur tous les fronts<\/a><\/blockquote><iframe sandbox=\"allow-scripts\" security=\"restricted\" src=\"https:\/\/www.retaildetail.be\/fr\/news\/food\/carrefour-belgique-ambitieux-sur-tous-les-fronts\/embed\/#?secret=hH0cbVEaZR\" width=\"600\" height=\"338\" title=\"\u00ab\u00a0Carrefour Belgique ambitieux sur tous les fronts\u00a0\u00bb &#8212; RetailDetail BE\" data-secret=\"hH0cbVEaZR\" frameborder=\"0\" marginwidth=\"0\" marginheight=\"0\" scrolling=\"no\" class=\"wp-embedded-content\"><\/iframe><script type=\"text\/javascript\">\n\/* <![CDATA[ *\/\n\/*! This file is auto-generated *\/\n!function(d,l){\"use strict\";l.querySelector&&d.addEventListener&&\"undefined\"!=typeof URL&&(d.wp=d.wp||{},d.wp.receiveEmbedMessage||(d.wp.receiveEmbedMessage=function(e){var t=e.data;if((t||t.secret||t.message||t.value)&&!\/[^a-zA-Z0-9]\/.test(t.secret)){for(var s,r,n,a=l.querySelectorAll('iframe[data-secret=\"'+t.secret+'\"]'),o=l.querySelectorAll('blockquote[data-secret=\"'+t.secret+'\"]'),c=new RegExp(\"^https?:$\",\"i\"),i=0;i<o.length;i++)o[i].style.display=\"none\";for(i=0;i<a.length;i++)s=a[i],e.source===s.contentWindow&&(s.removeAttribute(\"style\"),\"height\"===t.message?(1e3<(r=parseInt(t.value,10))?r=1e3:~~r<200&&(r=200),s.height=r):\"link\"===t.message&&(r=new URL(s.getAttribute(\"src\")),n=new URL(t.value),c.test(n.protocol))&&n.host===r.host&&l.activeElement===s&&(d.top.location.href=t.value))}},d.addEventListener(\"message\",d.wp.receiveEmbedMessage,!1),l.addEventListener(\"DOMContentLoaded\",function(){for(var e,t,s=l.querySelectorAll(\"iframe.wp-embedded-content\"),r=0;r<s.length;r++)(t=(e=s[r]).getAttribute(\"data-secret\"))||(t=Math.random().toString(36).substring(2,12),e.src+=\"#?secret=\"+t,e.setAttribute(\"data-secret\",t)),e.contentWindow.postMessage({message:\"ready\",secret:t},\"*\")},!1)))}(window,document);\n\/\/# sourceURL=https:\/\/www.retaildetail.be\/wp-includes\/js\/wp-embed.min.js\n\/* ]]> *\/\n<\/script>\n","thumbnail_url":"https:\/\/i0.wp.com\/www.retaildetail.be\/wp-content\/uploads\/2022\/04\/logo.png?fit=281%2C147&quality=100&strip=all&ssl=1","thumbnail_width":281,"thumbnail_height":147,"description":"Un timing serr\u00e9 Fin mai, nous vous annoncions d\u00e9j\u00e0 que Luc Demez, qui \u00e9tait \u00e0 l\u2019\u00e9poque directeur des RH de Carrefour Belgique, succ\u00e8derait \u00e0 Dominique Eeman au mois de novembre \u00e0 la t\u00eate des Carrefour Markets et des superettes Express. Demez (48 ans) est le dernier de la g\u00e9n\u00e9ration GIB encore pr\u00e9sent dans le comit\u00e9 [&hellip;]"}

Un timing serré Fin mai, nous vous annoncions déjà que Luc Demez, qui était à l’époque directeur des RH de Carrefour Belgique, succèderait à Dominique Eeman au mois de novembre à la tête des Carrefour Markets et des superettes Express. Demez (48 ans) est le dernier de la génération GIB encore présent dans le comité [&hellip;]
