{"version":"1.0","provider_name":"RetailDetail BE","provider_url":"https:\/\/www.retaildetail.be\/fr\/","author_name":"dev@grandiz.com","author_url":"https:\/\/www.retaildetail.be\/fr\/author\/devgrandiz-com\/","title":"Delhaize s\u2019approvisionne chez les agriculteurs locaux - RetailDetail BE","type":"rich","width":600,"height":338,"html":"<blockquote class=\"wp-embedded-content\" data-secret=\"QMhlD5QDjR\"><a href=\"https:\/\/www.retaildetail.be\/fr\/news\/food\/delhaize-sapprovisionne-chez-les-agriculteurs-locaux\/\">Delhaize s\u2019approvisionne chez les agriculteurs locaux<\/a><\/blockquote><iframe sandbox=\"allow-scripts\" security=\"restricted\" src=\"https:\/\/www.retaildetail.be\/fr\/news\/food\/delhaize-sapprovisionne-chez-les-agriculteurs-locaux\/embed\/#?secret=QMhlD5QDjR\" width=\"600\" height=\"338\" title=\"\u00ab\u00a0Delhaize s\u2019approvisionne chez les agriculteurs locaux\u00a0\u00bb &#8212; RetailDetail BE\" data-secret=\"QMhlD5QDjR\" frameborder=\"0\" marginwidth=\"0\" marginheight=\"0\" scrolling=\"no\" class=\"wp-embedded-content\"><\/iframe><script type=\"text\/javascript\">\n\/* <![CDATA[ *\/\n\/*! This file is auto-generated *\/\n!function(d,l){\"use strict\";l.querySelector&&d.addEventListener&&\"undefined\"!=typeof URL&&(d.wp=d.wp||{},d.wp.receiveEmbedMessage||(d.wp.receiveEmbedMessage=function(e){var t=e.data;if((t||t.secret||t.message||t.value)&&!\/[^a-zA-Z0-9]\/.test(t.secret)){for(var s,r,n,a=l.querySelectorAll('iframe[data-secret=\"'+t.secret+'\"]'),o=l.querySelectorAll('blockquote[data-secret=\"'+t.secret+'\"]'),c=new RegExp(\"^https?:$\",\"i\"),i=0;i<o.length;i++)o[i].style.display=\"none\";for(i=0;i<a.length;i++)s=a[i],e.source===s.contentWindow&&(s.removeAttribute(\"style\"),\"height\"===t.message?(1e3<(r=parseInt(t.value,10))?r=1e3:~~r<200&&(r=200),s.height=r):\"link\"===t.message&&(r=new URL(s.getAttribute(\"src\")),n=new URL(t.value),c.test(n.protocol))&&n.host===r.host&&l.activeElement===s&&(d.top.location.href=t.value))}},d.addEventListener(\"message\",d.wp.receiveEmbedMessage,!1),l.addEventListener(\"DOMContentLoaded\",function(){for(var e,t,s=l.querySelectorAll(\"iframe.wp-embedded-content\"),r=0;r<s.length;r++)(t=(e=s[r]).getAttribute(\"data-secret\"))||(t=Math.random().toString(36).substring(2,12),e.src+=\"#?secret=\"+t,e.setAttribute(\"data-secret\",t)),e.contentWindow.postMessage({message:\"ready\",secret:t},\"*\")},!1)))}(window,document);\n\/\/# sourceURL=https:\/\/www.retaildetail.be\/wp-includes\/js\/wp-embed.min.js\n\/* ]]> *\/\n<\/script>\n","thumbnail_url":"https:\/\/i0.wp.com\/www.retaildetail.be\/wp-content\/uploads\/2022\/04\/logo.png?fit=281%2C147&quality=100&strip=all&ssl=1","thumbnail_width":281,"thumbnail_height":147,"description":"Les produits locaux ont la cote Dans une interview accord\u00e9e cet \u00e9t\u00e9 par Dirk Van den Berghe \u00e0 RetailDetail, le CEO de Delhaize Belgique avait d\u00e9j\u00e0 \u00e9voqu\u00e9 bri\u00e8vement une nouvelle initiative \u2013 le label \u2018local\u2019-\u00a0 visant \u00e0 pr\u00e9senter davantage de produits locaux dans les rayons. \u00ab Cela ne se fera pas avec les grands acteurs [&hellip;]"}

Les produits locaux ont la cote Dans une interview accordée cet été par Dirk Van den Berghe à RetailDetail, le CEO de Delhaize Belgique avait déjà évoqué brièvement une nouvelle initiative – le label ‘local’-  visant à présenter davantage de produits locaux dans les rayons. « Cela ne se fera pas avec les grands acteurs [&hellip;]
