{"version":"1.0","provider_name":"RetailDetail BE","provider_url":"https:\/\/www.retaildetail.be\/fr\/","author_name":"dev@grandiz.com","author_url":"https:\/\/www.retaildetail.be\/fr\/author\/devgrandiz-com\/","title":"E.Leclerc revoit ses objectifs \u00e0 la hausse - RetailDetail BE","type":"rich","width":600,"height":338,"html":"<blockquote class=\"wp-embedded-content\" data-secret=\"FED90dgc2D\"><a href=\"https:\/\/www.retaildetail.be\/fr\/news\/food\/eleclerc-revoit-ses-objectifs-a-la-hausse\/\">E.Leclerc revoit ses objectifs \u00e0 la hausse<\/a><\/blockquote><iframe sandbox=\"allow-scripts\" security=\"restricted\" src=\"https:\/\/www.retaildetail.be\/fr\/news\/food\/eleclerc-revoit-ses-objectifs-a-la-hausse\/embed\/#?secret=FED90dgc2D\" width=\"600\" height=\"338\" title=\"\u00ab\u00a0E.Leclerc revoit ses objectifs \u00e0 la hausse\u00a0\u00bb &#8212; RetailDetail BE\" data-secret=\"FED90dgc2D\" frameborder=\"0\" marginwidth=\"0\" marginheight=\"0\" scrolling=\"no\" class=\"wp-embedded-content\"><\/iframe><script type=\"text\/javascript\">\n\/* <![CDATA[ *\/\n\/*! This file is auto-generated *\/\n!function(d,l){\"use strict\";l.querySelector&&d.addEventListener&&\"undefined\"!=typeof URL&&(d.wp=d.wp||{},d.wp.receiveEmbedMessage||(d.wp.receiveEmbedMessage=function(e){var t=e.data;if((t||t.secret||t.message||t.value)&&!\/[^a-zA-Z0-9]\/.test(t.secret)){for(var s,r,n,a=l.querySelectorAll('iframe[data-secret=\"'+t.secret+'\"]'),o=l.querySelectorAll('blockquote[data-secret=\"'+t.secret+'\"]'),c=new RegExp(\"^https?:$\",\"i\"),i=0;i<o.length;i++)o[i].style.display=\"none\";for(i=0;i<a.length;i++)s=a[i],e.source===s.contentWindow&&(s.removeAttribute(\"style\"),\"height\"===t.message?(1e3<(r=parseInt(t.value,10))?r=1e3:~~r<200&&(r=200),s.height=r):\"link\"===t.message&&(r=new URL(s.getAttribute(\"src\")),n=new URL(t.value),c.test(n.protocol))&&n.host===r.host&&l.activeElement===s&&(d.top.location.href=t.value))}},d.addEventListener(\"message\",d.wp.receiveEmbedMessage,!1),l.addEventListener(\"DOMContentLoaded\",function(){for(var e,t,s=l.querySelectorAll(\"iframe.wp-embedded-content\"),r=0;r<s.length;r++)(t=(e=s[r]).getAttribute(\"data-secret\"))||(t=Math.random().toString(36).substring(2,12),e.src+=\"#?secret=\"+t,e.setAttribute(\"data-secret\",t)),e.contentWindow.postMessage({message:\"ready\",secret:t},\"*\")},!1)))}(window,document);\n\/\/# sourceURL=https:\/\/www.retaildetail.be\/wp-includes\/js\/wp-embed.min.js\n\/* ]]> *\/\n<\/script>\n","thumbnail_url":"https:\/\/i0.wp.com\/www.retaildetail.be\/wp-content\/uploads\/2022\/04\/logo.png?fit=281%2C147&quality=100&strip=all&ssl=1","thumbnail_width":281,"thumbnail_height":147,"description":"Progression de la part de march\u00e9 Ces chiffres parlants\u00a0 prouvent\u00a0 bien que Leclerc s\u2019implante de plus en plus solidement sur son march\u00e9 int\u00e9rieur fran\u00e7ais. Ces excellentes performances se traduisent \u00e9galement\u00a0 dans l\u2019\u00e9volution de sa part de march\u00e9 :\u00a0 depuis 2002 E.Leclerc a connu une croissance constante de son chiffre d\u2019affaires et sa part de march\u00e9 [&hellip;]"}

E.Leclerc revoit ses objectifs à la hausse - RetailDetail BE

<blockquote class="wp-embedded-content" data-secret="FED90dgc2D"><a href="https://www.retaildetail.be/fr/news/food/eleclerc-revoit-ses-objectifs-a-la-hausse/">E.Leclerc revoit ses objectifs à la hausse</a></blockquote><iframe sandbox="allow-scripts" security="restricted" src="https://www.retaildetail.be/fr/news/food/eleclerc-revoit-ses-objectifs-a-la-hausse/embed/#?secret=FED90dgc2D" width="600" height="338" title="« E.Leclerc revoit ses objectifs à la hausse » &#8212; RetailDetail BE" data-secret="FED90dgc2D" frameborder="0" marginwidth="0" marginheight="0" scrolling="no" class="wp-embedded-content"></iframe><script type="text/javascript">
/* <![CDATA[ */
/*! This file is auto-generated */
!function(d,l){"use strict";l.querySelector&&d.addEventListener&&"undefined"!=typeof URL&&(d.wp=d.wp||{},d.wp.receiveEmbedMessage||(d.wp.receiveEmbedMessage=function(e){var t=e.data;if((t||t.secret||t.message||t.value)&&!/[^a-zA-Z0-9]/.test(t.secret)){for(var s,r,n,a=l.querySelectorAll('iframe[data-secret="'+t.secret+'"]'),o=l.querySelectorAll('blockquote[data-secret="'+t.secret+'"]'),c=new RegExp("^https?:$","i"),i=0;i<o.length;i++)o[i].style.display="none";for(i=0;i<a.length;i++)s=a[i],e.source===s.contentWindow&&(s.removeAttribute("style"),"height"===t.message?(1e3<(r=parseInt(t.value,10))?r=1e3:~~r<200&&(r=200),s.height=r):"link"===t.message&&(r=new URL(s.getAttribute("src")),n=new URL(t.value),c.test(n.protocol))&&n.host===r.host&&l.activeElement===s&&(d.top.location.href=t.value))}},d.addEventListener("message",d.wp.receiveEmbedMessage,!1),l.addEventListener("DOMContentLoaded",function(){for(var e,t,s=l.querySelectorAll("iframe.wp-embedded-content"),r=0;r<s.length;r++)(t=(e=s[r]).getAttribute("data-secret"))||(t=Math.random().toString(36).substring(2,12),e.src+="#?secret="+t,e.setAttribute("data-secret",t)),e.contentWindow.postMessage({message:"ready",secret:t},"*")},!1)))}(window,document);
//# sourceURL=https://www.retaildetail.be/wp-includes/js/wp-embed.min.js
/* ]]> */
</script>

Progression de la part de marché Ces chiffres parlants  prouvent  bien que Leclerc s’implante de plus en plus solidement sur son marché intérieur français. Ces excellentes performances se traduisent également  dans l’évolution de sa part de marché :  depuis 2002 E.Leclerc a connu une croissance constante de son chiffre d’affaires et sa part de marché [&hellip;]
