{"version":"1.0","provider_name":"RetailDetail BE","provider_url":"https:\/\/www.retaildetail.be\/fr\/","author_name":"Stefan Van Rompaey","author_url":"https:\/\/www.retaildetail.be\/fr\/author\/stefanvanrompaey\/","title":"Le groupe suisse Migros se retire d'Allemagne - RetailDetail BE","type":"rich","width":600,"height":338,"html":"<blockquote class=\"wp-embedded-content\" data-secret=\"hhzwAvWiWu\"><a href=\"https:\/\/www.retaildetail.be\/fr\/news\/food\/le-groupe-suisse-migros-se-retire-dallemagne\/\">Le groupe suisse Migros se retire d&rsquo;Allemagne<\/a><\/blockquote><iframe sandbox=\"allow-scripts\" security=\"restricted\" src=\"https:\/\/www.retaildetail.be\/fr\/news\/food\/le-groupe-suisse-migros-se-retire-dallemagne\/embed\/#?secret=hhzwAvWiWu\" width=\"600\" height=\"338\" title=\"\u00ab\u00a0Le groupe suisse Migros se retire d&rsquo;Allemagne\u00a0\u00bb &#8212; RetailDetail BE\" data-secret=\"hhzwAvWiWu\" frameborder=\"0\" marginwidth=\"0\" marginheight=\"0\" scrolling=\"no\" class=\"wp-embedded-content\"><\/iframe><script type=\"text\/javascript\">\n\/* <![CDATA[ *\/\n\/*! This file is auto-generated *\/\n!function(d,l){\"use strict\";l.querySelector&&d.addEventListener&&\"undefined\"!=typeof URL&&(d.wp=d.wp||{},d.wp.receiveEmbedMessage||(d.wp.receiveEmbedMessage=function(e){var t=e.data;if((t||t.secret||t.message||t.value)&&!\/[^a-zA-Z0-9]\/.test(t.secret)){for(var s,r,n,a=l.querySelectorAll('iframe[data-secret=\"'+t.secret+'\"]'),o=l.querySelectorAll('blockquote[data-secret=\"'+t.secret+'\"]'),c=new RegExp(\"^https?:$\",\"i\"),i=0;i<o.length;i++)o[i].style.display=\"none\";for(i=0;i<a.length;i++)s=a[i],e.source===s.contentWindow&&(s.removeAttribute(\"style\"),\"height\"===t.message?(1e3<(r=parseInt(t.value,10))?r=1e3:~~r<200&&(r=200),s.height=r):\"link\"===t.message&&(r=new URL(s.getAttribute(\"src\")),n=new URL(t.value),c.test(n.protocol))&&n.host===r.host&&l.activeElement===s&&(d.top.location.href=t.value))}},d.addEventListener(\"message\",d.wp.receiveEmbedMessage,!1),l.addEventListener(\"DOMContentLoaded\",function(){for(var e,t,s=l.querySelectorAll(\"iframe.wp-embedded-content\"),r=0;r<s.length;r++)(t=(e=s[r]).getAttribute(\"data-secret\"))||(t=Math.random().toString(36).substring(2,12),e.src+=\"#?secret=\"+t,e.setAttribute(\"data-secret\",t)),e.contentWindow.postMessage({message:\"ready\",secret:t},\"*\")},!1)))}(window,document);\n\/\/# sourceURL=https:\/\/www.retaildetail.be\/wp-includes\/js\/wp-embed.min.js\n\/* ]]> *\/\n<\/script>\n","thumbnail_url":"https:\/\/www.retaildetail.be\/wp-content\/uploads\/2026\/03\/shutterstock_2729639811-1.jpg","thumbnail_width":1000,"thumbnail_height":668,"description":"Avec la vente de la cha\u00eene bio d\u00e9ficitaire Tegut, Migros se retire compl\u00e8tement d'Allemagne. La plupart des magasins sont rachet\u00e9s par Edeka, tandis que Rewe en reprend \u00e9galement un nombre important."}

Avec la vente de la chaîne bio déficitaire Tegut, Migros se retire complètement d'Allemagne. La plupart des magasins sont rachetés par Edeka, tandis que Rewe en reprend également un nombre important.
