{"version":"1.0","provider_name":"RetailDetail BE","provider_url":"https:\/\/www.retaildetail.be\/fr\/","author_name":"dev@grandiz.com","author_url":"https:\/\/www.retaildetail.be\/fr\/author\/devgrandiz-com\/","title":"Ouverture officielle de Carrefour Planet \u00e0 Schoten - RetailDetail BE","type":"rich","width":600,"height":338,"html":"<blockquote class=\"wp-embedded-content\" data-secret=\"MuAHvbz1of\"><a href=\"https:\/\/www.retaildetail.be\/fr\/news\/food\/ouverture-officielle-de-carrefour-planet-a-schoten\/\">Ouverture officielle de Carrefour Planet \u00e0 Schoten<\/a><\/blockquote><iframe sandbox=\"allow-scripts\" security=\"restricted\" src=\"https:\/\/www.retaildetail.be\/fr\/news\/food\/ouverture-officielle-de-carrefour-planet-a-schoten\/embed\/#?secret=MuAHvbz1of\" width=\"600\" height=\"338\" title=\"\u00ab\u00a0Ouverture officielle de Carrefour Planet \u00e0 Schoten\u00a0\u00bb &#8212; RetailDetail BE\" data-secret=\"MuAHvbz1of\" frameborder=\"0\" marginwidth=\"0\" marginheight=\"0\" scrolling=\"no\" class=\"wp-embedded-content\"><\/iframe><script type=\"text\/javascript\">\n\/* <![CDATA[ *\/\n\/*! This file is auto-generated *\/\n!function(d,l){\"use strict\";l.querySelector&&d.addEventListener&&\"undefined\"!=typeof URL&&(d.wp=d.wp||{},d.wp.receiveEmbedMessage||(d.wp.receiveEmbedMessage=function(e){var t=e.data;if((t||t.secret||t.message||t.value)&&!\/[^a-zA-Z0-9]\/.test(t.secret)){for(var s,r,n,a=l.querySelectorAll('iframe[data-secret=\"'+t.secret+'\"]'),o=l.querySelectorAll('blockquote[data-secret=\"'+t.secret+'\"]'),c=new RegExp(\"^https?:$\",\"i\"),i=0;i<o.length;i++)o[i].style.display=\"none\";for(i=0;i<a.length;i++)s=a[i],e.source===s.contentWindow&&(s.removeAttribute(\"style\"),\"height\"===t.message?(1e3<(r=parseInt(t.value,10))?r=1e3:~~r<200&&(r=200),s.height=r):\"link\"===t.message&&(r=new URL(s.getAttribute(\"src\")),n=new URL(t.value),c.test(n.protocol))&&n.host===r.host&&l.activeElement===s&&(d.top.location.href=t.value))}},d.addEventListener(\"message\",d.wp.receiveEmbedMessage,!1),l.addEventListener(\"DOMContentLoaded\",function(){for(var e,t,s=l.querySelectorAll(\"iframe.wp-embedded-content\"),r=0;r<s.length;r++)(t=(e=s[r]).getAttribute(\"data-secret\"))||(t=Math.random().toString(36).substring(2,12),e.src+=\"#?secret=\"+t,e.setAttribute(\"data-secret\",t)),e.contentWindow.postMessage({message:\"ready\",secret:t},\"*\")},!1)))}(window,document);\n\/\/# sourceURL=https:\/\/www.retaildetail.be\/wp-includes\/js\/wp-embed.min.js\n\/* ]]> *\/\n<\/script>\n","thumbnail_url":"https:\/\/i0.wp.com\/www.retaildetail.be\/wp-content\/uploads\/2022\/04\/logo.png?fit=281%2C147&quality=100&strip=all&ssl=1","thumbnail_width":281,"thumbnail_height":147,"description":"\u00a0 \u00a0 \u00ab Atmosph\u00e8re de magasins sp\u00e9cialis\u00e9s \u00bb Apr\u00e8s 40 ans une cure de rajeunissement s\u2019imposait pour cet hypermarch\u00e9 peu attrayant. \u00ab Nous avons voulu cr\u00e9er une atmosph\u00e8re agr\u00e9able comme chez un \u00e9picier ou dans un magasin sp\u00e9cialis\u00e9 \u00bb, explique David Kestermans, directeur strat\u00e9gique chez Carrefour et responsable du lancement des magasins Planet en Europe. [&hellip;]"}

Ouverture officielle de Carrefour Planet à Schoten - RetailDetail BE

<blockquote class="wp-embedded-content" data-secret="MuAHvbz1of"><a href="https://www.retaildetail.be/fr/news/food/ouverture-officielle-de-carrefour-planet-a-schoten/">Ouverture officielle de Carrefour Planet à Schoten</a></blockquote><iframe sandbox="allow-scripts" security="restricted" src="https://www.retaildetail.be/fr/news/food/ouverture-officielle-de-carrefour-planet-a-schoten/embed/#?secret=MuAHvbz1of" width="600" height="338" title="« Ouverture officielle de Carrefour Planet à Schoten » &#8212; RetailDetail BE" data-secret="MuAHvbz1of" frameborder="0" marginwidth="0" marginheight="0" scrolling="no" class="wp-embedded-content"></iframe><script type="text/javascript">
/* <![CDATA[ */
/*! This file is auto-generated */
!function(d,l){"use strict";l.querySelector&&d.addEventListener&&"undefined"!=typeof URL&&(d.wp=d.wp||{},d.wp.receiveEmbedMessage||(d.wp.receiveEmbedMessage=function(e){var t=e.data;if((t||t.secret||t.message||t.value)&&!/[^a-zA-Z0-9]/.test(t.secret)){for(var s,r,n,a=l.querySelectorAll('iframe[data-secret="'+t.secret+'"]'),o=l.querySelectorAll('blockquote[data-secret="'+t.secret+'"]'),c=new RegExp("^https?:$","i"),i=0;i<o.length;i++)o[i].style.display="none";for(i=0;i<a.length;i++)s=a[i],e.source===s.contentWindow&&(s.removeAttribute("style"),"height"===t.message?(1e3<(r=parseInt(t.value,10))?r=1e3:~~r<200&&(r=200),s.height=r):"link"===t.message&&(r=new URL(s.getAttribute("src")),n=new URL(t.value),c.test(n.protocol))&&n.host===r.host&&l.activeElement===s&&(d.top.location.href=t.value))}},d.addEventListener("message",d.wp.receiveEmbedMessage,!1),l.addEventListener("DOMContentLoaded",function(){for(var e,t,s=l.querySelectorAll("iframe.wp-embedded-content"),r=0;r<s.length;r++)(t=(e=s[r]).getAttribute("data-secret"))||(t=Math.random().toString(36).substring(2,12),e.src+="#?secret="+t,e.setAttribute("data-secret",t)),e.contentWindow.postMessage({message:"ready",secret:t},"*")},!1)))}(window,document);
//# sourceURL=https://www.retaildetail.be/wp-includes/js/wp-embed.min.js
/* ]]> */
</script>

« Atmosphère de magasins spécialisés » Après 40 ans une cure de rajeunissement s’imposait pour cet hypermarché peu attrayant. « Nous avons voulu créer une atmosphère agréable comme chez un épicier ou dans un magasin spécialisé », explique David Kestermans, directeur stratégique chez Carrefour et responsable du lancement des magasins Planet en Europe. [&hellip;]
