{"version":"1.0","provider_name":"RetailDetail BE","provider_url":"https:\/\/www.retaildetail.be\/fr\/","author_name":"dev@grandiz.com","author_url":"https:\/\/www.retaildetail.be\/fr\/author\/devgrandiz-com\/","title":"Vande Lanotte veut prot\u00e9ger les pralines belges - RetailDetail BE","type":"rich","width":600,"height":338,"html":"<blockquote class=\"wp-embedded-content\" data-secret=\"2Ds2vOunI3\"><a href=\"https:\/\/www.retaildetail.be\/fr\/news\/food\/vande-lanotte-veut-proteger-les-pralines-belges\/\">Vande Lanotte veut prot\u00e9ger les pralines belges<\/a><\/blockquote><iframe sandbox=\"allow-scripts\" security=\"restricted\" src=\"https:\/\/www.retaildetail.be\/fr\/news\/food\/vande-lanotte-veut-proteger-les-pralines-belges\/embed\/#?secret=2Ds2vOunI3\" width=\"600\" height=\"338\" title=\"\u00ab\u00a0Vande Lanotte veut prot\u00e9ger les pralines belges\u00a0\u00bb &#8212; RetailDetail BE\" data-secret=\"2Ds2vOunI3\" frameborder=\"0\" marginwidth=\"0\" marginheight=\"0\" scrolling=\"no\" class=\"wp-embedded-content\"><\/iframe><script type=\"text\/javascript\">\n\/* <![CDATA[ *\/\n\/*! This file is auto-generated *\/\n!function(d,l){\"use strict\";l.querySelector&&d.addEventListener&&\"undefined\"!=typeof URL&&(d.wp=d.wp||{},d.wp.receiveEmbedMessage||(d.wp.receiveEmbedMessage=function(e){var t=e.data;if((t||t.secret||t.message||t.value)&&!\/[^a-zA-Z0-9]\/.test(t.secret)){for(var s,r,n,a=l.querySelectorAll('iframe[data-secret=\"'+t.secret+'\"]'),o=l.querySelectorAll('blockquote[data-secret=\"'+t.secret+'\"]'),c=new RegExp(\"^https?:$\",\"i\"),i=0;i<o.length;i++)o[i].style.display=\"none\";for(i=0;i<a.length;i++)s=a[i],e.source===s.contentWindow&&(s.removeAttribute(\"style\"),\"height\"===t.message?(1e3<(r=parseInt(t.value,10))?r=1e3:~~r<200&&(r=200),s.height=r):\"link\"===t.message&&(r=new URL(s.getAttribute(\"src\")),n=new URL(t.value),c.test(n.protocol))&&n.host===r.host&&l.activeElement===s&&(d.top.location.href=t.value))}},d.addEventListener(\"message\",d.wp.receiveEmbedMessage,!1),l.addEventListener(\"DOMContentLoaded\",function(){for(var e,t,s=l.querySelectorAll(\"iframe.wp-embedded-content\"),r=0;r<s.length;r++)(t=(e=s[r]).getAttribute(\"data-secret\"))||(t=Math.random().toString(36).substring(2,12),e.src+=\"#?secret=\"+t,e.setAttribute(\"data-secret\",t)),e.contentWindow.postMessage({message:\"ready\",secret:t},\"*\")},!1)))}(window,document);\n\/\/# sourceURL=https:\/\/www.retaildetail.be\/wp-includes\/js\/wp-embed.min.js\n\/* ]]> *\/\n<\/script>\n","thumbnail_url":"https:\/\/i0.wp.com\/www.retaildetail.be\/wp-content\/uploads\/2022\/04\/logo.png?fit=281%2C147&quality=100&strip=all&ssl=1","thumbnail_width":281,"thumbnail_height":147,"description":"\u00ab Tout comme le champagne \u00bb \u00ab Certains fabricants de pralines canadiens et chinois n\u2019ont aucun scrupule \u00e0 mettre notre nom sur leurs bo\u00eetes \u00bb, d\u00e9nonce le secteur des chocolatiers belges. Leurs plaintes semblent \u00e0 pr\u00e9sent avoir \u00e9t\u00e9 entendues par Johan Vande Lanotte (SP.A). Cette semaine le ministre de l\u2019\u00e9conomie visitait la chocolaterie Pralibel en [&hellip;]"}

Vande Lanotte veut protéger les pralines belges - RetailDetail BE

<blockquote class="wp-embedded-content" data-secret="2Ds2vOunI3"><a href="https://www.retaildetail.be/fr/news/food/vande-lanotte-veut-proteger-les-pralines-belges/">Vande Lanotte veut protéger les pralines belges</a></blockquote><iframe sandbox="allow-scripts" security="restricted" src="https://www.retaildetail.be/fr/news/food/vande-lanotte-veut-proteger-les-pralines-belges/embed/#?secret=2Ds2vOunI3" width="600" height="338" title="« Vande Lanotte veut protéger les pralines belges » &#8212; RetailDetail BE" data-secret="2Ds2vOunI3" frameborder="0" marginwidth="0" marginheight="0" scrolling="no" class="wp-embedded-content"></iframe><script type="text/javascript">
/* <![CDATA[ */
/*! This file is auto-generated */
!function(d,l){"use strict";l.querySelector&&d.addEventListener&&"undefined"!=typeof URL&&(d.wp=d.wp||{},d.wp.receiveEmbedMessage||(d.wp.receiveEmbedMessage=function(e){var t=e.data;if((t||t.secret||t.message||t.value)&&!/[^a-zA-Z0-9]/.test(t.secret)){for(var s,r,n,a=l.querySelectorAll('iframe[data-secret="'+t.secret+'"]'),o=l.querySelectorAll('blockquote[data-secret="'+t.secret+'"]'),c=new RegExp("^https?:$","i"),i=0;i<o.length;i++)o[i].style.display="none";for(i=0;i<a.length;i++)s=a[i],e.source===s.contentWindow&&(s.removeAttribute("style"),"height"===t.message?(1e3<(r=parseInt(t.value,10))?r=1e3:~~r<200&&(r=200),s.height=r):"link"===t.message&&(r=new URL(s.getAttribute("src")),n=new URL(t.value),c.test(n.protocol))&&n.host===r.host&&l.activeElement===s&&(d.top.location.href=t.value))}},d.addEventListener("message",d.wp.receiveEmbedMessage,!1),l.addEventListener("DOMContentLoaded",function(){for(var e,t,s=l.querySelectorAll("iframe.wp-embedded-content"),r=0;r<s.length;r++)(t=(e=s[r]).getAttribute("data-secret"))||(t=Math.random().toString(36).substring(2,12),e.src+="#?secret="+t,e.setAttribute("data-secret",t)),e.contentWindow.postMessage({message:"ready",secret:t},"*")},!1)))}(window,document);
//# sourceURL=https://www.retaildetail.be/wp-includes/js/wp-embed.min.js
/* ]]> */
</script>

« Tout comme le champagne » « Certains fabricants de pralines canadiens et chinois n’ont aucun scrupule à mettre notre nom sur leurs boîtes », dénonce le secteur des chocolatiers belges. Leurs plaintes semblent à présent avoir été entendues par Johan Vande Lanotte (SP.A). Cette semaine le ministre de l’économie visitait la chocolaterie Pralibel en [&hellip;]
