{"version":"1.0","provider_name":"RetailDetail BE","provider_url":"https:\/\/www.retaildetail.be\/fr\/","author_name":"dev@grandiz.com","author_url":"https:\/\/www.retaildetail.be\/fr\/author\/devgrandiz-com\/","title":"Olivier Strelli d\u00e9pose le bilan - RetailDetail BE","type":"rich","width":600,"height":338,"html":"<blockquote class=\"wp-embedded-content\" data-secret=\"lJlAO44T6a\"><a href=\"https:\/\/www.retaildetail.be\/fr\/news\/mode\/olivier-strelli-depose-le-bilan\/\">Olivier Strelli d\u00e9pose le bilan<\/a><\/blockquote><iframe sandbox=\"allow-scripts\" security=\"restricted\" src=\"https:\/\/www.retaildetail.be\/fr\/news\/mode\/olivier-strelli-depose-le-bilan\/embed\/#?secret=lJlAO44T6a\" width=\"600\" height=\"338\" title=\"\u00ab\u00a0Olivier Strelli d\u00e9pose le bilan\u00a0\u00bb &#8212; RetailDetail BE\" data-secret=\"lJlAO44T6a\" frameborder=\"0\" marginwidth=\"0\" marginheight=\"0\" scrolling=\"no\" class=\"wp-embedded-content\"><\/iframe><script type=\"text\/javascript\">\n\/* <![CDATA[ *\/\n\/*! This file is auto-generated *\/\n!function(d,l){\"use strict\";l.querySelector&&d.addEventListener&&\"undefined\"!=typeof URL&&(d.wp=d.wp||{},d.wp.receiveEmbedMessage||(d.wp.receiveEmbedMessage=function(e){var t=e.data;if((t||t.secret||t.message||t.value)&&!\/[^a-zA-Z0-9]\/.test(t.secret)){for(var s,r,n,a=l.querySelectorAll('iframe[data-secret=\"'+t.secret+'\"]'),o=l.querySelectorAll('blockquote[data-secret=\"'+t.secret+'\"]'),c=new RegExp(\"^https?:$\",\"i\"),i=0;i<o.length;i++)o[i].style.display=\"none\";for(i=0;i<a.length;i++)s=a[i],e.source===s.contentWindow&&(s.removeAttribute(\"style\"),\"height\"===t.message?(1e3<(r=parseInt(t.value,10))?r=1e3:~~r<200&&(r=200),s.height=r):\"link\"===t.message&&(r=new URL(s.getAttribute(\"src\")),n=new URL(t.value),c.test(n.protocol))&&n.host===r.host&&l.activeElement===s&&(d.top.location.href=t.value))}},d.addEventListener(\"message\",d.wp.receiveEmbedMessage,!1),l.addEventListener(\"DOMContentLoaded\",function(){for(var e,t,s=l.querySelectorAll(\"iframe.wp-embedded-content\"),r=0;r<s.length;r++)(t=(e=s[r]).getAttribute(\"data-secret\"))||(t=Math.random().toString(36).substring(2,12),e.src+=\"#?secret=\"+t,e.setAttribute(\"data-secret\",t)),e.contentWindow.postMessage({message:\"ready\",secret:t},\"*\")},!1)))}(window,document);\n\/\/# sourceURL=https:\/\/www.retaildetail.be\/wp-includes\/js\/wp-embed.min.js\n\/* ]]> *\/\n<\/script>\n","thumbnail_url":"https:\/\/i0.wp.com\/www.retaildetail.be\/wp-content\/uploads\/2022\/04\/logo.png?fit=281%2C147&quality=100&strip=all&ssl=1","thumbnail_width":281,"thumbnail_height":147,"description":"Offre de reprise d\u00e9clin\u00e9e Une entreprise fran\u00e7aise s\u2019\u00e9tait port\u00e9e candidate \u00e0 la reprise, mais son offre jug\u00e9e bien trop basse a \u00e9t\u00e9 d\u00e9clin\u00e9e. D\u2019autre part cette reprise ne concernait que 4 des 22 magasins et 8 des 50 employ\u00e9s. D\u00e9but 2012 l\u2019entreprise esp\u00e9rait encore une relance. Le mois dernier\u00a0 les fondateurs avaient entrepris une derni\u00e8re [&hellip;]"}

Olivier Strelli dépose le bilan - RetailDetail BE

<blockquote class="wp-embedded-content" data-secret="lJlAO44T6a"><a href="https://www.retaildetail.be/fr/news/mode/olivier-strelli-depose-le-bilan/">Olivier Strelli dépose le bilan</a></blockquote><iframe sandbox="allow-scripts" security="restricted" src="https://www.retaildetail.be/fr/news/mode/olivier-strelli-depose-le-bilan/embed/#?secret=lJlAO44T6a" width="600" height="338" title="« Olivier Strelli dépose le bilan » &#8212; RetailDetail BE" data-secret="lJlAO44T6a" frameborder="0" marginwidth="0" marginheight="0" scrolling="no" class="wp-embedded-content"></iframe><script type="text/javascript">
/* <![CDATA[ */
/*! This file is auto-generated */
!function(d,l){"use strict";l.querySelector&&d.addEventListener&&"undefined"!=typeof URL&&(d.wp=d.wp||{},d.wp.receiveEmbedMessage||(d.wp.receiveEmbedMessage=function(e){var t=e.data;if((t||t.secret||t.message||t.value)&&!/[^a-zA-Z0-9]/.test(t.secret)){for(var s,r,n,a=l.querySelectorAll('iframe[data-secret="'+t.secret+'"]'),o=l.querySelectorAll('blockquote[data-secret="'+t.secret+'"]'),c=new RegExp("^https?:$","i"),i=0;i<o.length;i++)o[i].style.display="none";for(i=0;i<a.length;i++)s=a[i],e.source===s.contentWindow&&(s.removeAttribute("style"),"height"===t.message?(1e3<(r=parseInt(t.value,10))?r=1e3:~~r<200&&(r=200),s.height=r):"link"===t.message&&(r=new URL(s.getAttribute("src")),n=new URL(t.value),c.test(n.protocol))&&n.host===r.host&&l.activeElement===s&&(d.top.location.href=t.value))}},d.addEventListener("message",d.wp.receiveEmbedMessage,!1),l.addEventListener("DOMContentLoaded",function(){for(var e,t,s=l.querySelectorAll("iframe.wp-embedded-content"),r=0;r<s.length;r++)(t=(e=s[r]).getAttribute("data-secret"))||(t=Math.random().toString(36).substring(2,12),e.src+="#?secret="+t,e.setAttribute("data-secret",t)),e.contentWindow.postMessage({message:"ready",secret:t},"*")},!1)))}(window,document);
//# sourceURL=https://www.retaildetail.be/wp-includes/js/wp-embed.min.js
/* ]]> */
</script>

Offre de reprise déclinée Une entreprise française s’était portée candidate à la reprise, mais son offre jugée bien trop basse a été déclinée. D’autre part cette reprise ne concernait que 4 des 22 magasins et 8 des 50 employés. Début 2012 l’entreprise espérait encore une relance. Le mois dernier  les fondateurs avaient entrepris une dernière [&hellip;]
